j = n - 127. What is the remainder when n is divided by 82?
55
Let o = 980 + -931. Calculate the remainder when 234 is divided by o.
38
Suppose 266*s - 420 = 206*s. Suppose -2*j + 60 = 4*t, t = -2*j - 41 + 104. Calculate the remainder when j is divided by s.
4
Suppose 0 = -2*m - 3*p + 30, 24*m - 26*m = 5*p - 26. What is the remainder when 57 is divided by m?
3
Let j be (5 - 10)*98/(-2). Suppose 5*x = -0*x + j. Let l = -30 + x. What is the remainder when l is divided by 11?
8
Calculate the remainder when 278 is divided by (-9 + 1)*(-1974)/336.
43
Calculate the remainder when (6/9)/(4 - 5264/1320) is divided by 6.
1
Let k = -169 + 172. Let s be 0 - -1 - (-12 + 0). Calculate the remainder when 62 is divided by k/2*(1 + s).
20
Calculate the remainder when (-1492)/(-2) + -2 + 8 is divided by 42.
38
Let q = 1015 - 1012. Let v(o) = -o**2 - o + 7. What is the remainder when v(0) is divided by q?
1
Suppose -22*d = -17*d - 95. What is the remainder when -6 + 6 - -73*1 is divided by d?
16
Let w be (-48)/5 - 9/(-15). Let u = w + 32. Calculate the remainder when 88 is divided by u.
19
Suppose -2*g + 14 = -30. Let d = 0 - -3. Suppose -x - 84 = -d*x. Calculate the remainder when x is divided by g.
20
Let k(y) = 2*y**3 - 42*y**2 + 41*y - 16. Let z be k(20). Let p be 61 - ((1 - 0) + 0). Suppose z*n - p = n. What is the remainder when n is divided by 8?
4
Suppose -3 + 0 = -h. Suppose 113 = 3*i + 2*n, -h*i = -2*n + 5*n - 117. Let p = -99 + 111. What is the remainder when i is divided by p?
11
Let n(o) = o**3 - 4*o**2 - 4*o - 3. Calculate the remainder when (-18 + 15)*(-182)/42 is divided by n(5).
1
Let c = 6 - 1. Suppose -c*s + 6 = -34. Suppose -2*p = 2*f - 54, 3*f - 5*p = 39 + 10. Calculate the remainder when f is divided by s.
7
Let s = 27 + -15. Suppose 3*v + 0*p - 64 = 2*p, -116 = -5*v + p. Suppose 3*j = -3*t + 63, -t + 2*j = -0*t - v. What is the remainder when t is divided by s?
10
Suppose -2*c - 9 = -25. Suppose -3*x = 4*k - 56, 3*x + c + 4 = 0. What is the remainder when k is divided by 5?
2
Suppose -4*p + 209 = 3*f, -4*f = 5*p - 433 + 153. Suppose 14*o + f = 19*o. Calculate the remainder when 40 is divided by o.
10
Let i(o) = -94*o - o**3 - o**2 + 94*o - 2*o**3. Let m be i(-1). Suppose -7 = m*f - 39. What is the remainder when 60 is divided by f?
12
Suppose 7*q - 1935 = -36*q. Calculate the remainder when q is divided by 7.
3
Let t = 133 + -122. What is the remainder when 64 is divided by t?
9
Let h be 174/(-8) + 5/(-20). Let c = h + 28. Suppose -5*n + c*n = 98. What is the remainder when n is divided by 33?
32
Let z(w) = 13*w**2 + 5*w + 3. Let n be z(-3). Suppose -3*d + n = -0*d. Let i = d + -24. Calculate the remainder when i is divided by 6.
5
Calculate the remainder when ((-3)/((-72)/186))/(2/96) is divided by 94.
90
Let b = 41 + -15. Suppose -r - 2*u + 20 = -7*u, r - 18 = 3*u. Let j = b - r. What is the remainder when j is divided by 6?
5
Let r = -81 - -122. Calculate the remainder when r is divided by 24.
17
Suppose -1 = -5*g + 4. Let z = 14 + g. Calculate the remainder when 26 is divided by z.
11
Suppose 0 = -3*r + 2*r + 65. Let p(w) = 14*w**2. What is the remainder when (-3)/30*-6*r is divided by p(1)?
11
Let t = 100 + -50. Calculate the remainder when 295 is divided by t.
45
Suppose -3*a - 4*z + 63 = 0, -5*a - 3*z + 84 = -a. Suppose -3*h = -8*h + 25. Suppose h*m + 5 = 70. What is the remainder when a is divided by m?
8
Let v(c) = 17*c**3 - c**2 - 12*c + 12. Calculate the remainder when 190 is divided by v(1).
14
Let d = -9 - -7. Let l be -5*(d/1)/1. Calculate the remainder when 25/l + (-1)/(-2) is divided by 3.
0
Calculate the remainder when (13 + 448/(-35))/(1/8735) is divided by 25.
22
Let p = 68 + -46. What is the remainder when 106 is divided by p?
18
Suppose -2 = -3*f + 16. Suppose -f*i + 210 = -0. What is the remainder when 69 is divided by i?
34
Suppose -2 = -2*l - 5*y, -5*l + 36 = -0*l - 3*y. Let m(b) = -22 + l*b - b - 2*b. Calculate the remainder when m(15) is divided by 12.
11
Let c(b) = 236*b - 8. Let j be c(1). Suppose j = 3*s + s. Calculate the remainder when s is divided by 12.
9
Suppose o - 18 = -4*f, 2*o + 5*f - 19 = -o. Suppose 26 = 5*d - 34. What is the remainder when -55*8/(-20) + o/2 is divided by d?
9
Calculate the remainder when 488 is divided by -4*(0 - 35/14).
8
Suppose 3*g = -13 + 37. Suppose j + 3*q - 101 = 0, -j + 4*q + 17 = -70. Suppose -r = 4*r - j. Calculate the remainder when r is divided by g.
3
Suppose -5*q = 9 - 4, -5*f - 3*q + 12 = 0. Suppose -b = -k - 0*b + f, 5*k = b + 19. Calculate the remainder when 19 is divided by k.
3
Let c = 643 - 636. Suppose 2*v = -0*v + 44. Suppose 0 = u + y - v, -2*u - 5*y + 12 = -23. Calculate the remainder when u is divided by c.
4
Let l = 139 + -140. Suppose -p + 420 = 5*o, 2*o - 146 = -2*p + 6*p. What is the remainder when o is divided by (88/(-4) - -5)*l?
15
What is the remainder when 526 is divided by 3072/480*(-30)/(-4)?
46
Suppose -9*q + 524 = -970. Calculate the remainder when q is divided by 46.
28
Let a = 312 - 256. Calculate the remainder when 1007 is divided by a.
55
Let d(c) = -c**2 + 7*c + 4. Suppose 14*q = 112 + 616. What is the remainder when q is divided by d(5)?
10
Let r = 129 - 420. Calculate the remainder when (-1)/3 - r/9 is divided by 11.
10
Suppose -y + 35 = 4*y. Calculate the remainder when 450/36 + (0 - 2/4) is divided by y.
5
Suppose -130 - 36 = 2*r. Let l = r + 104. Calculate the remainder when l is divided by 4.
1
Suppose 191 = -2*l - 3*h + 882, -2*h - 1756 = -5*l. What is the remainder when l is divided by 22?
20
Let h(d) = -d**3 - 3*d**2 - 6*d - 6. Let x = 7 + 14. What is the remainder when h(-5) is divided by x?
11
Suppose c - 4*z = -c + 34, -2*c - z + 39 = 0. Let g = 398 + -324. Calculate the remainder when g is divided by c.
17
Let a = 17 + -7. Suppose 0 = 4*b - 3*b. Suppose 5*i - i - 8 = b. What is the remainder when a is divided by i?
0
Let f = -42 - -86. Suppose 101 = 2*p + s, 0 = -p + 2*s + f + 9. Calculate the remainder when p is divided by 27.
24
Suppose 13*v = 9*v + 12. Let p = 24 - v. What is the remainder when 60 is divided by p?
18
Suppose -35*c = 4752 - 32052. Calculate the remainder when c is divided by 34.
32
Let u(v) = 2*v**2 - 11*v + 15. Let t be u(4). Suppose 0 = -t*w - 15*w + 270. Calculate the remainder when 50 is divided by w.
5
Let h(b) = -9*b**3 + 3*b**2 + 4*b + 1. Let k(l) = 5*l**2. What is the remainder when h(-2) is divided by k(2)?
17
Let a = 8 + -25. Let l = 42 + a. Let x = -25 - -38. Calculate the remainder when l is divided by x.
12
Let s(a) = 3*a**3 - 15*a**2 + a + 8. Calculate the remainder when 427 is divided by s(5).
11
Let g(q) = q**2 - 9*q + 12. Let u be g(7). Let a(l) = 10*l**2 - 2*l. Let v be a(u). Suppose 0 = 6*w - 8*w + v. Calculate the remainder when 43 is divided by w.
21
Let y(h) = 8*h - 15. What is the remainder when y(8) is divided by -1 + (1 - -4) + 6?
9
Let u(m) = -13*m**3 + 3*m**2 + 10*m + 18. What is the remainder when u(-2) is divided by 39?
36
Let o = 73 + -137. Let h = -89 - o. Let g = 52 + h. What is the remainder when g is divided by 10?
7
Let a = -177 - -655. What is the remainder when a is divided by 69?
64
Suppose 94*k - 130*k = -324. Suppose o = -2*j + 47, -2*o - 36 = -3*j + 2*j. What is the remainder when j is divided by k?
8
Calculate the remainder when 889 is divided by (-42)/(18/(-9)) - -6.
25
Suppose -a - 5*y + 19 = 0, -a + 5*y - 6 = -65. Calculate the remainder when 93 is divided by a.
15
Suppose -t = -6*t - 15. Let o(d) = -17*d + 4. Let m be o(t). Suppose -4*a = a - m. Calculate the remainder when 29 is divided by a.
7
Let a(c) = -c**3 + 6*c**2 + 2*c + 13. Let b be a(6). Let y = -21 + b. Calculate the remainder when y is divided by 4.
0
Let m(h) = -h + 11. Let f be m(8). Suppose -3 = f*j, 3*j - 15 = -4*n + 3*n. Calculate the remainder when n is divided by 13.
5
Suppose 2*c + 40 = -5*b, 0*b + b = -4*c - 116. Let s be (10/6)/((-2)/c). Let y = s + -10. Calculate the remainder when 73 is divided by y.
13
Suppose -3*i + 394 = -11*z + 15*z, -2*i + 5*z + 278 = 0. Calculate the remainder when i is divided by 27.
26
Let h = -98 + 103. Suppose 4*l - 25 = -l. Suppose 4*g + 2*s - 38 = 0, l*g - 4*s + h - 85 = 0. What is the remainder when 21 is divided by g?
9
Let b(n) = -6*n + 154. What is the